1 - -39) + 1*-1 is divided by x.
4
Let f(n) = n**3 + 15*n**2 + n + 22. Suppose 0 = 10*w - 13*w - 45. What is the remainder when 47 is divided by f(w)?
5
Let r = 80 - 76. Calculate the remainder when 73 is divided by (50/r)/((7 + -3)/8).
23
Let z(b) = b**2 + b - 98. Calculate the remainder when z(19) is divided by 71.
69
Let r(w) = 35*w - 211. Calculate the remainder when r(7) is divided by 8.
2
Let j(y) = y + 18. Let x be j(0). Suppose 0 = -z - 0*z - x. Let d = z - -25. Calculate the remainder when 26 is divided by d.
5
Suppose -3*l - 2*l = -5*z + 25, -3*l - 20 = -4*z. Suppose 20 = 5*k - 2*u, l = -4*k - k - u + 5. What is the remainder when 7 is divided by k?
1
Let s = -22 + 57. Suppose s + 0 = 7*y. What is the remainder when y is divided by 4?
1
Suppose -4*x - 1 - 19 = 0. Let s be 81/(-6) - x/(-10). What is the remainder when 1 is divided by s/42*(-2 + -1)?
0
Suppose 0 = 2*t + 7 - 13. What is the remainder when t*(-102)/18*-10 is divided by 29?
25
What is the remainder when 313 is divided by 14 - (-40)/(-32)*-4?
9
Suppose 5*y - 4*s + 145 - 541 = 0, -5*s + 245 = 3*y. Suppose -d - y = -6*d. Suppose -d = -4*r + 3*r. What is the remainder when r is divided by 9?
7
Let c be (1 + 11/1)*-2. Let g be (36/c)/((-6)/200). Suppose -3*y - g = -5*q, 4*q - 4*y = 25 + 7. Calculate the remainder when 36 is divided by q.
10
Suppose 2*x = -2*d + 272, 18*x + 252 = 20*x - 2*d. What is the remainder when x is divided by 39?
14
What is the remainder when 29 is divided by -1 + 888/44 - 4/22?
10
Suppose 0 = -5*f + 3*g + 48, -g - 68 = -4*f - 6*g. Calculate the remainder when 34 is divided by f.
10
Let u be 84/(-39) + (-4)/(-26). Let h be ((-10)/3)/(u/3). Let g = 7 + h. Calculate the remainder when 34 is divided by g.
10
Let y = 151 - 88. Suppose y*d = 64*d - 22. What is the remainder when d is divided by 7?
1
Let d = 4 + 84. Let q = d - 69. Calculate the remainder when 111 is divided by q.
16
Let r(n) = 14*n - 102. Calculate the remainder when 64 is divided by r(8).
4
Suppose 2*w - 14 = 3*q, -2*q + 7 = -1. What is the remainder when 1 + (65/1 - 2) is divided by w?
12
Let w = 5 - 2. Suppose w*l - 96 = -24. Calculate the remainder when (-16 - -6) + 6 + (1 - -49) is divided by l.
22
Suppose m + 639 = 10*m. Calculate the remainder when m is divided by 5*3/(-5)*-4.
11
Let f be (-4)/8 - (-285)/10. Suppose 0 = -2*a + 2*m - 0*m + 28, 3*m + f = 2*a. What is the remainder when a is divided by 6?
2
Let d(p) = 103*p + 1456. Suppose 0 = 5*t - 2*o - 831, -5*t = 2*o - o - 822. What is the remainder when t is divided by d(-14)?
11
Let m = -2 - -4. Suppose 7 = m*y - 15. Suppose 3*t = -v + 19, 4*v - 5*t - 2 = 6. Calculate the remainder when y is divided by v.
4
Suppose -79 = -3*y - 49. Calculate the remainder when 48 is divided by y.
8
Let y = -39 - -56. Let z(w) = 10 + y*w**2 + 8*w - 11*w**2 - w**3 - 13*w**2. Calculate the remainder when 18 is divided by z(-8).
8
Suppose 2*b - 95 = -4*u + 5*u, 5*b + 5*u = 200. Calculate the remainder when b is divided by 23.
22
Let p be (0 - 1 - -200)/(-1). Let k = -90 - p. What is the remainder when k is divided by 14?
11
Suppose -2*b - 3*s = -1016, 103*b - 1531 = 100*b - s. What is the remainder when b is divided by 27?
25
Let s = 512 - 505. Suppose -4*g + 195 - 31 = -5*y, 4*g + 2*y = 192. Let a = g - 14. Calculate the remainder when a is divided by s.
4
Suppose 7 + 53 = 4*p. Suppose -d + 5*w = -6*d + 55, 0 = 4*w - 20. Calculate the remainder when p is divided by d.
3
Let w = 9 + -4. Let b = 6 - 8. Let v = 0 - b. Calculate the remainder when w is divided by v.
1
Suppose -5*i + 85 = 4*a, -16*i + 17 = -15*i + 4*a. Suppose 29 = -2*k - 119. Let b = -42 - k. Calculate the remainder when b is divided by i.
15
Suppose 0*u = 2*u - 672. Suppose 4*o - 4*b - u = 0, -o - 2*b + 232 = 2*o. Let p = -42 + o. Calculate the remainder when p is divided by 13.
12
Let f(k) = -25*k - 43. What is the remainder when f(-7) is divided by 57*((-20)/(-6) - 3)?
18
Suppose -5471*v + 5465*v + 198 = 0. What is the remainder when v is divided by 32?
1
Suppose 5*j + 8 = 48. Suppose -4*c + 28 = -56. Calculate the remainder when c is divided by j.
5
Calculate the remainder when (-2987)/(-11) + 35/(3850/(-60)) is divided by 49.
26
Let u be (-67)/(-13) - 2/13. Suppose -50 = -u*w + 5. Let q = w + 1. Calculate the remainder when 22 is divided by q.
10
Let y = -6 + 11. Suppose -263 = 2*r - 7*r + 2*c, 3 = 3*c. What is the remainder when r is divided by y?
3
Suppose 2*p + 3 = 7. Suppose -24 = -f - p*f. What is the remainder when 38 is divided by 84/f + (-1)/2?
8
Let j = -37 - -41. Let y = 19 - j. What is the remainder when y is divided by 7?
1
Let x(s) = 2*s**2 + 18*s + 58. Calculate the remainder when x(-7) is divided by 8.
6
Let t(h) = 2*h**2 + 18*h + 63. Calculate the remainder when t(-15) is divided by 61.
60
Suppose 0*w - 108 = -18*w. Calculate the remainder when 22 is divided by w.
4
Suppose 4*y + 3*s = 5*y - 165, -3*s = -6. What is the remainder when y is divided by 35?
31
Let g = -59 - -110. Let w(y) = -11*y - 4. Suppose 0 = -0*z + 5*z - 4*o + 6, 5*o = -5*z - 15. What is the remainder when g is divided by w(z)?
15
Suppose -d - 5 = 0, 2*d = p - 4*p - 4. Suppose -p*r - 2 = -3*r. Suppose -r*x + 6*x = 36. Calculate the remainder when x is divided by 3.
0
Suppose -10 = 5*y - 3*q, 0 + 20 = 4*q. Let b be y - -8 - 2*-1. Suppose -7*z - 196 = -b*z. Calculate the remainder when z is divided by 13.
10
Let g be (-9)/6*60/(-9). Calculate the remainder when -4*(81/(-2))/3 is divided by 3*(-1140)/36*(-2)/g.
16
Let u be 2 + (-1)/((-1)/(-5)). Let o(j) = -7*j + 2. What is the remainder when o(u) is divided by 70/12 + (-5)/(-30)?
5
Suppose 6*h - 14*h + 8 = 0. Let f be 0*-1*(-1)/(-1). What is the remainder when 76 is divided by 22 + h + f + 3?
24
Let u(q) = 98*q**2 - q - 2. Calculate the remainder when u(-1) is divided by 50.
47
Suppose 0*b = 7*b - 343. What is the remainder when b is divided by 18?
13
Suppose -2*y = 7*y - 4*z - 257, 147 = 5*y + 2*z. Suppose -5*a + 124 = -446. Calculate the remainder when a is divided by y.
27
Suppose 46 = 5*m - 24. Let y(c) = c**2 - 6*c - 19. Let n be y(9). What is the remainder when (-1)/4 + 322/n is divided by m?
12
Let l(c) = 2*c - 1. Let g be l(2). Calculate the remainder when 101 is divided by 13*(g - 0)*(-8)/(-12).
23
Let q = -23 + 45. Let n(g) = -13*g - 1. Let c be (-1 - (2 + -1) - -1) + 0. What is the remainder when q is divided by n(c)?
10
Suppose 0 = -5*n + 7*n - 48. Let i(k) = k + 1. What is the remainder when n is divided by i(12)?
11
Suppose -2*y = 2*x - 188, -4*y - x + 371 = 4*x. Calculate the remainder when 889 is divided by y.
97
Let l(i) = i**3 + 13*i**2 + 7*i + 73. Calculate the remainder when l(-12) is divided by 47.
39
Suppose -15*n + 11*n + 1394 = -5*f, 5*f = -4*n + 1414. Calculate the remainder when n is divided by 69.
6
Suppose 3*a - 3*v = -5*v + 157, 217 = 4*a - 5*v. Let z = a + -31. Calculate the remainder when 85 is divided by z.
19
Let w = 1 - -21. Suppose 57*x = 234 + 108. Calculate the remainder when w is divided by x.
4
Let o = 2 - -3. Suppose 4*g + 4*s - 65 = g, -3*g = -3*s - 51. Calculate the remainder when g is divided by o.
4
Let l(o) = 5*o - 120. Calculate the remainder when 52 is divided by l(27).
7
Suppose 0 = -d + 2*i + 69 - 2, 391 = 5*d + 4*i. What is the remainder when d is divided by 49?
26
Suppose -3*a + 1 + 11 = 0. Let b = 13 - 11. Suppose 2*q + 3*k - 51 = b*k, 0 = -q - a*k + 29. What is the remainder when q is divided by 13?
12
Let d(c) = c**2 + 14*c + 77. Calculate the remainder when 47 is divided by d(-6).
18
Suppose 0 = 21*j - 5*j - 368. Suppose 4*i + 36 = 4*n, -i = 5*n + i - 73. What is the remainder when j is divided by n?
10
Suppose -5*h = 4*m - 181, -4*h - 98 = -4*m + 38. Calculate the remainder when m is divided by 15.
9
Let q(j) = j**2 - 8*j - 3*j + 2*j. Let h = 46 + -28. Calculate the remainder when q(-4) is divided by h.
16
Let n(v) = 45*v - 134. What is the remainder when n(6) is divided by 47?
42
Calculate the remainder when 8/(-6) - 5423/(-51) is divided by 18.
15
Suppose 5*j = 3*s - 24, 1 + 29 = 5*s - 5*j. Let f = 710 - 706. Calculate the remainder when 13 + s + -1 + 0 is divided by f.
3
Let i(v) = 7*v**2 - 3*v + 20. What is the remainder when 220 is divided by i(3)?
72
Let d(o) = 2*o**3 - 37*o**2 - 20*o + 